 units digit of 483?
3
What is the thousands digit of 2181?
2
What is the tens digit of 851?
5
What is the tens digit of 319?
1
What is the tens digit of 805?
0
What is the units digit of 94302?
2
What is the tens digit of 834?
3
What is the units digit of 15690?
0
What is the hundreds digit of 1006?
0
What is the thousands digit of 3698?
3
What is the units digit of 2756?
6
What is the tens digit of 1339?
3
What is the tens digit of 1216?
1
What is the tens digit of 5904?
0
What is the hundreds digit of 789?
7
What is the units digit of 835?
5
What is the tens digit of 16002?
0
What is the tens digit of 746?
4
What is the tens digit of 3821?
2
What is the thousands digit of 2425?
2
What is the hundreds digit of 471?
4
What is the units digit of 342?
2
What is the tens digit of 108?
0
What is the tens digit of 888?
8
What is the units digit of 1727?
7
What is the hundreds digit of 1129?
1
What is the thousands digit of 5364?
5
What is the thousands digit of 28859?
8
What is the tens digit of 1458?
5
What is the units digit of 9327?
7
What is the hundreds digit of 100?
1
What is the hundreds digit of 19800?
8
What is the hundreds digit of 21525?
5
What is the units digit of 138508?
8
What is the thousands digit of 49556?
9
What is the units digit of 8065?
5
What is the tens digit of 572?
7
What is the hundreds digit of 37274?
2
What is the units digit of 3631?
1
What is the hundreds digit of 209?
2
What is the thousands digit of 22072?
2
What is the tens digit of 1626?
2
What is the tens digit of 1864?
6
What is the units digit of 259?
9
What is the units digit of 82307?
7
What is the units digit of 793?
3
What is the hundreds digit of 12127?
1
What is the thousands digit of 1336?
1
What is the units digit of 123210?
0
What is the thousands digit of 9335?
9
What is the hundreds digit of 403?
4
What is the hundreds digit of 18523?
5
What is the hundreds digit of 5144?
1
What is the hundreds digit of 4928?
9
What is the thousands digit of 127547?
7
What is the ten thousands digit of 10481?
1
What is the tens digit of 1041?
4
What is the hundreds digit of 754?
7
What is the tens digit of 3711?
1
What is the tens digit of 511?
1
What is the tens digit of 13253?
5
What is the units digit of 315?
5
What is the tens digit of 1109?
0
What is the tens digit of 1232?
3
What is the hundreds digit of 4775?
7
What is the units digit of 1936?
6
What is the units digit of 8916?
6
What is the units digit of 4830?
0
What is the units digit of 191?
1
What is the units digit of 41077?
7
What is the thousands digit of 1612?
1
What is the hundreds digit of 28799?
7
What is the hundreds digit of 1835?
8
What is the units digit of 4220?
0
What is the thousands digit of 57432?
7
What is the tens digit of 87135?
3
What is the hundreds digit of 25673?
6
What is the tens digit of 147?
4
What is the units digit of 6563?
3
What is the thousands digit of 1059?
1
What is the thousands digit of 3845?
3
What is the tens digit of 867?
6
What is the units digit of 1769?
9
What is the thousands digit of 8419?
8
What is the tens digit of 303?
0
What is the tens digit of 3655?
5
What is the thousands digit of 31234?
1
What is the units digit of 2192?
2
What is the tens digit of 1400?
0
What is the tens digit of 117?
1
What is the tens digit of 444?
4
What is the thousands digit of 9478?
9
What is the units digit of 61399?
9
What is the thousands digit of 41836?
1
What is the hundreds digit of 3649?
6
What is the tens digit of 3279?
7
What is the thousands digit of 3885?
3
What is the tens digit of 1310?
1
What is the hundreds digit of 2581?
5
What is the units digit of 18676?
6
What is the tens digit of 3614?
1
What is the tens digit of 27534?
3
What is the thousands digit of 18816?
8
What is the thousands digit of 4659?
4
What is the hundreds digit of 2591?
5
What is the tens digit of 980?
8
What is the thousands digit of 2182?
2
What is the units digit of 16869?
9
What is the thousands digit of 2128?
2
What is the units digit of 24915?
5
What is the hundreds digit of 169926?
9
What is the hundreds digit of 1391?
3
What is the thousands digit of 29960?
9
What is the hundreds digit of 2018?
0
What is the thousands digit of 1856?
1
What is the units digit of 718?
8
What is the ten thousands digit of 138355?
3
What is the units digit of 953?
3
What is the thousands digit of 1350?
1
What is the tens digit of 543?
4
What is the thousands digit of 4071?
4
What is the tens digit of 317?
1
What is the hundreds digit of 492?
4
What is the tens digit of 2275?
7
What is the units digit of 49037?
7
What is the hundreds digit of 63274?
2
What is the units digit of 815?
5
What is the hundreds digit of 9603?
6
What is the units digit of 11881?
1
What is the tens digit of 25108?
0
What is the tens digit of 11485?
8
What is the tens digit of 3966?
6
What is the hundreds digit of 28015?
0
What is the hundreds digit of 89696?
6
What is the units digit of 26239?
9
What is the thousands digit of 3794?
3
What is the tens digit of 467?
6
What is the tens digit of 23181?
8
What is the thousands digit of 1016?
1
What is the thousands digit of 1043?
1
What is the thousands digit of 1421?
1
What is the thousands digit of 94739?
4
What is the units digit of 39702?
2
What is the thousands digit of 61648?
1
What is the ten thousands digit of 24161?
2
What is the hundreds digit of 158?
1
What is the hundreds digit of 31365?
3
What is the units digit of 1709?
9
What is the units digit of 9724?
4
What is the hundreds digit of 30363?
3
What is the hundreds digit of 3860?
8
What is the tens digit of 117918?
1
What is the tens digit of 4846?
4
What is the units digit of 8574?
4
What is the tens digit of 798?
9
What is the tens digit of 45241?
4
What is the hundreds digit of 16442?
4
What is the tens digit of 5327?
2
What is the tens digit of 92?
9
What is the thousands digit of 24404?
4
What is the hundreds digit of 640?
6
What is the units digit of 2837?
7
What is the hundreds digit of 1549?
5
What is the hundreds digit of 2424?
4
What is the thousands digit of 31550?
1
What is the hundreds digit of 1227?
2
What is the tens digit of 34238?
3
What is the ten thousands digit of 19569?
1
What is the units digit of 45?
5
What is the units digit of 7176?
6
What is the units digit of 684?
4
What is the tens digit of 237?
3
What is the tens digit of 1263?
6
What is the tens digit of 589?
8
What is the units digit of 2972?
2
What is the tens digit of 30?
3
What is the ten thousands digit of 68485?
6
What is the hundreds digit of 9980?
9
What is the hundreds digit of 1014?
0
What is the hundreds digit of 4576?
5
What is the thousands digit of 1235?
1
What is the ten thousands digit of 11707?
1
What is the ten thousands digit of 37542?
3
What is the hundreds digit of 1532?
5
What is the hundreds digit of 9952?
9
What is the hundreds digit of 1221?
2
What is the hundreds digit of 8935?
9
What is the thousands digit of 14930?
4
What is the tens digit of 2393?
9
What is the tens digit of 6658?
5
What is the hundreds digit of 3089?
0
What is the units digit of 12155?
5
What is the thousands digit of 33323?
3
What is the hundreds digit of 30686?
6
What is the thousands digit of 5630?
5
What is the tens digit of 16801?
0
What is the thousands digit of 30233?
0
What is the ten thousands digit of 45224?
4
What is the hundreds digit of 722?
7
What is the hundreds digit of 14284?
2
What is the tens digit of 27395?
9
What is the tens digit of 21866?
6
What is the units digit of 24547?
7
What is the tens digit of 1426?
2
What is the hundreds digit of 1159?
1
What is the ten thousands digit of 11234?
1
What is the units digit of 846?
6
What is the units digit of 703?
3
What is the units digit of 28844?
4
What is the thousands digit of 34038?
4
What is the tens digit of 665?
6
What is the hundreds digit of 875?
8
What is the units digit of 4240?
0
What is the units digit of 17683?
3
What is the tens digit of 159?
5
What is the tens digit of 11224?
2
What is the tens digit of 20421?
2
What is the units digit of 5659?
9
What is the hundreds digit of 6973?
9
What is the tens digit of 5703?
0
What is the thousands digit of 51929?
1
What is the units digit of 239?
9
What is the hundreds digit of 487?
4
What is the units digit of 1502?
2
W